{"id":86,"date":"2016-11-25T15:23:30","date_gmt":"2016-11-25T15:23:30","guid":{"rendered":"http:\/\/www.ecuavit.com\/web\/?page_id=86"},"modified":"2017-07-28T15:14:08","modified_gmt":"2017-07-28T15:14:08","slug":"ecuamotriz","status":"publish","type":"page","link":"https:\/\/www.ecuavit.com\/web\/ecuamotriz\/","title":{"rendered":"Ecuamotriz"},"content":{"rendered":"<h1><span style=\"font-size: 24pt;\">Ecuamotriz<\/span><\/h1>\n<p><a href=\"http:\/\/www.ecuavit.com\/web\/wp-content\/uploads\/2017\/04\/AutoRepair5.jpg\"><img loading=\"lazy\" decoding=\"async\" class=\"alignnone size-full wp-image-222\" src=\"http:\/\/www.ecuavit.com\/web\/wp-content\/uploads\/2017\/04\/AutoRepair5.jpg\" alt=\"AutoRepair5\" width=\"960\" height=\"641\" srcset=\"https:\/\/www.ecuavit.com\/web\/wp-content\/uploads\/2017\/04\/AutoRepair5.jpg 960w, https:\/\/www.ecuavit.com\/web\/wp-content\/uploads\/2017\/04\/AutoRepair5-300x200.jpg 300w, https:\/\/www.ecuavit.com\/web\/wp-content\/uploads\/2017\/04\/AutoRepair5-768x513.jpg 768w\" sizes=\"auto, (max-width: 960px) 100vw, 960px\" \/><\/a><\/p>\n<p style=\"text-align: justify;\">Los parabrisas de vidrio laminado constan de dos hojas de vidrio con una pel\u00edcula de Polivinil Butiral (PVB), que es un l\u00e1mina de seguridad que se queda unida al vidrio de forma integral he indivisible, mediante un proceso de alta temperatura ante una rotura.<\/p>\n<h2>Caracter\u00edsticas<\/h2>\n<p>Ante una rotura el parabrisas permanece unido gracias a la l\u00e1mina de polivinil.<\/p>\n<p>No se pierde visibilidad en caso de rotura.<\/p>\n<p>Brinda seguridad anti robos por la impenetrabilidad.<\/p>\n<p>Controla el paso de los rayos ultra violeta.<\/p>\n<h2><span style=\"font-size: 18pt;\">Aplicaciones<\/span><\/h2>\n<p>Se recomienda su aplicaci\u00f3n en:<\/p>\n<p>Autom\u00f3viles<\/p>\n<p>Carrocer\u00edas<\/p>\n<p>Camiones<\/p>\n<p>Transporte pesado<\/p>\n<p>Motos<\/p>\n<p>Barcos<\/p>\n<p>Aviones<\/p>\n<h2><span style=\"font-size: 18pt;\">Ventajas de ventanas laterales de vidrio de seguridad laminado Ecuavit<\/span><\/h2>\n<p>Reduce el riesgo de que los acompa\u00f1antes sean proyectados hacia fuera en casos de accidente.<\/p>\n<p>Dificulta la entrada en el veh\u00edculo de ladrones por la ventana lateral.<\/p>\n<p>Reduce la radiaci\u00f3n UV y evita el descolorido del equipamiento interior del veh\u00edculo.<\/p>\n<p>Aumenta el confort ac\u00fastico en el interior del veh\u00edculo.<\/p>\n<p>Permite la integraci\u00f3n de la funci\u00f3n adicional SOLAN CONTROL reflexi\u00f3n de calor IR.<\/p>\n","protected":false},"excerpt":{"rendered":"<p>Los parabrisas de vidrio laminado constan de dos hojas de vidrio con una pel\u00edcula de Polivinil Butiral (PVB) de seguridad que mediante un proceso de alta temperatura forma una estructura integral.<\/p>\n","protected":false},"author":1,"featured_media":219,"parent":0,"menu_order":0,"comment_status":"closed","ping_status":"closed","template":"","meta":{"two_page_speed":[],"_joinchat":[],"footnotes":""},"class_list":["post-86","page","type-page","status-publish","has-post-thumbnail","hentry"],"_links":{"self":[{"href":"https:\/\/www.ecuavit.com\/web\/wp-json\/wp\/v2\/pages\/86","targetHints":{"allow":["GET"]}}],"collection":[{"href":"https:\/\/www.ecuavit.com\/web\/wp-json\/wp\/v2\/pages"}],"about":[{"href":"https:\/\/www.ecuavit.com\/web\/wp-json\/wp\/v2\/types\/page"}],"author":[{"embeddable":true,"href":"https:\/\/www.ecuavit.com\/web\/wp-json\/wp\/v2\/users\/1"}],"replies":[{"embeddable":true,"href":"https:\/\/www.ecuavit.com\/web\/wp-json\/wp\/v2\/comments?post=86"}],"version-history":[{"count":18,"href":"https:\/\/www.ecuavit.com\/web\/wp-json\/wp\/v2\/pages\/86\/revisions"}],"predecessor-version":[{"id":442,"href":"https:\/\/www.ecuavit.com\/web\/wp-json\/wp\/v2\/pages\/86\/revisions\/442"}],"wp:featuredmedia":[{"embeddable":true,"href":"https:\/\/www.ecuavit.com\/web\/wp-json\/wp\/v2\/media\/219"}],"wp:attachment":[{"href":"https:\/\/www.ecuavit.com\/web\/wp-json\/wp\/v2\/media?parent=86"}],"curies":[{"name":"wp","href":"https:\/\/api.w.org\/{rel}","templated":true}]}}