{"id":8,"date":"2016-10-13T16:28:36","date_gmt":"2016-10-13T16:28:36","guid":{"rendered":"http:\/\/www.ecuavit.com\/web\/?page_id=8"},"modified":"2017-08-01T15:07:48","modified_gmt":"2017-08-01T15:07:48","slug":"obras","status":"publish","type":"page","link":"https:\/\/www.ecuavit.com\/web\/obras\/","title":{"rendered":"Ecualamin"},"content":{"rendered":"<h1><span style=\"font-size: 24pt;\">Ecualamin<\/span><\/h1>\n<p>&nbsp;<\/p>\n<h2><span style=\"color: #333333;\"><a style=\"color: #333333;\" href=\"http:\/\/www.ecuavit.com\/web\/vidrio-arquitectonico\/\">Vidrio Arquitect\u00f3nico<\/a><\/span><\/h2>\n<p>Fachadas, Cubiertas, Pasamanos Domos, Tragaluces, Ventanas, Mamparas, Divisi\u00f3n de ambientes, Puertas, Pisos Gradas y toda aquella \u00e1rea en donde se requiera un margen amplio de seguridad.<br \/>\n<a class=\"boton_blanco\" href=\"http:\/\/www.ecuavit.com\/web\/vidrio-arquitectonico\/\">Leer m\u00e1s<\/a><\/p>\n<h2><span style=\"color: #333333;\"><a style=\"color: #333333;\" href=\"http:\/\/www.ecuavit.com\/web\/vidrio-templado-laminado\/\">Templado Laminado<\/a><\/span><\/h2>\n<p>Fachadas, Cubiertas, Pasamanos,Domos, Tragaluces, Ventanas, Mamparas, Divisi\u00f3n de ambientes, Puertas, Pisos,Gradas y toda aquella \u00e1rea en donde se requiera un margen amplio de seguridad.<br \/>\n<a class=\"boton_blanco\" href=\"http:\/\/www.ecuavit.com\/web\/vidrio-templado-laminado\/\">Leer m\u00e1s<\/a><\/p>\n<h2><span style=\"color: #333333;\"><a style=\"color: #333333;\" href=\"http:\/\/www.ecuavit.com\/web\/vidrio-low-e\/\">Low-E<\/a><\/span><\/h2>\n<p>El vidrio de Low-E puede utilizarse para lograr el efecto de frio en verano y c\u00e1lido en invierno. Se recomienda su aplicaci\u00f3n en ventanear\u00eda y fachadas.<br \/>\n<a class=\"boton_blanco\" href=\"http:\/\/www.ecuavit.com\/web\/vidrio-low-e\/\">Leer m\u00e1s<\/a><\/p>\n<h2><span style=\"color: #333333;\"><a style=\"color: #333333;\" href=\"http:\/\/www.ecuavit.com\/web\/vidrio-termo-acustico\/\">Termo Ac\u00fastico<\/a><\/span><\/h2>\n<p>Aplicaci\u00f3n en edificios, residencias, hoteles, escuelas, hospitales que requieran de calefacci\u00f3n, aire acondicionado, ruido o protecci\u00f3n de luz solar directa. Tambi\u00e9n pueden ser usados en trenes, ventana, puertas y ventanas.<br \/>\n<a class=\"boton_blanco\" href=\"http:\/\/www.ecuavit.com\/web\/vidrio-termo-acustico\/\">Leer m\u00e1s<\/a><\/p>\n","protected":false},"excerpt":{"rendered":"<p>Transforma el vidrio flotado por medio de procesos de alto desempe\u00f1o en cristal de seguridad, decorativos o de control solar, para aplicaciones que incluyen desde grandes obras hasta uso residencial.<\/p>\n","protected":false},"author":1,"featured_media":218,"parent":0,"menu_order":0,"comment_status":"closed","ping_status":"closed","template":"","meta":{"two_page_speed":[],"_joinchat":[],"footnotes":""},"class_list":["post-8","page","type-page","status-publish","has-post-thumbnail","hentry"],"_links":{"self":[{"href":"https:\/\/www.ecuavit.com\/web\/wp-json\/wp\/v2\/pages\/8","targetHints":{"allow":["GET"]}}],"collection":[{"href":"https:\/\/www.ecuavit.com\/web\/wp-json\/wp\/v2\/pages"}],"about":[{"href":"https:\/\/www.ecuavit.com\/web\/wp-json\/wp\/v2\/types\/page"}],"author":[{"embeddable":true,"href":"https:\/\/www.ecuavit.com\/web\/wp-json\/wp\/v2\/users\/1"}],"replies":[{"embeddable":true,"href":"https:\/\/www.ecuavit.com\/web\/wp-json\/wp\/v2\/comments?post=8"}],"version-history":[{"count":39,"href":"https:\/\/www.ecuavit.com\/web\/wp-json\/wp\/v2\/pages\/8\/revisions"}],"predecessor-version":[{"id":478,"href":"https:\/\/www.ecuavit.com\/web\/wp-json\/wp\/v2\/pages\/8\/revisions\/478"}],"wp:featuredmedia":[{"embeddable":true,"href":"https:\/\/www.ecuavit.com\/web\/wp-json\/wp\/v2\/media\/218"}],"wp:attachment":[{"href":"https:\/\/www.ecuavit.com\/web\/wp-json\/wp\/v2\/media?parent=8"}],"curies":[{"name":"wp","href":"https:\/\/api.w.org\/{rel}","templated":true}]}}

<h1><span style="font-size: 24pt;">Ecualamin</span></h1>
<p>&nbsp;</p>
<h2><span style="color: #333333;"><a style="color: #333333;" href="http://www.ecuavit.com/web/vidrio-arquitectonico/">Vidrio Arquitectónico</a></span></h2>
<p>Fachadas, Cubiertas, Pasamanos Domos, Tragaluces, Ventanas, Mamparas, División de ambientes, Puertas, Pisos Gradas y toda aquella área en donde se requiera un margen amplio de seguridad.<br />
<a class="boton_blanco" href="http://www.ecuavit.com/web/vidrio-arquitectonico/">Leer más</a></p>
<h2><span style="color: #333333;"><a style="color: #333333;" href="http://www.ecuavit.com/web/vidrio-templado-laminado/">Templado Laminado</a></span></h2>
<p>Fachadas, Cubiertas, Pasamanos,Domos, Tragaluces, Ventanas, Mamparas, División de ambientes, Puertas, Pisos,Gradas y toda aquella área en donde se requiera un margen amplio de seguridad.<br />
<a class="boton_blanco" href="http://www.ecuavit.com/web/vidrio-templado-laminado/">Leer más</a></p>
<h2><span style="color: #333333;"><a style="color: #333333;" href="http://www.ecuavit.com/web/vidrio-low-e/">Low-E</a></span></h2>
<p>El vidrio de Low-E puede utilizarse para lograr el efecto de frio en verano y cálido en invierno. Se recomienda su aplicación en ventanearía y fachadas.<br />
<a class="boton_blanco" href="http://www.ecuavit.com/web/vidrio-low-e/">Leer más</a></p>
<h2><span style="color: #333333;"><a style="color: #333333;" href="http://www.ecuavit.com/web/vidrio-termo-acustico/">Termo Acústico</a></span></h2>
<p>Aplicación en edificios, residencias, hoteles, escuelas, hospitales que requieran de calefacción, aire acondicionado, ruido o protección de luz solar directa. También pueden ser usados en trenes, ventana, puertas y ventanas.<br />
<a class="boton_blanco" href="http://www.ecuavit.com/web/vidrio-termo-acustico/">Leer más</a></p>

<p>Transforma el vidrio flotado por medio de procesos de alto desempeño en cristal de seguridad, decorativos o de control solar, para aplicaciones que incluyen desde grandes obras hasta uso residencial.</p>
