{"id":471,"date":"2017-08-01T14:47:26","date_gmt":"2017-08-01T14:47:26","guid":{"rendered":"http:\/\/www.ecuavit.com\/web\/?page_id=471"},"modified":"2017-08-01T14:53:17","modified_gmt":"2017-08-01T14:53:17","slug":"vidrio-arquitectonico","status":"publish","type":"page","link":"https:\/\/www.ecuavit.com\/web\/vidrio-arquitectonico\/","title":{"rendered":"Vidrio Arquitect\u00f3nico"},"content":{"rendered":"<div id=\"cuadro1\">\n<h1><span style=\"font-size: 24pt;\">Vidrio Arquitect\u00f3nico<\/span><\/h1>\n<div id=\"volver\">\n<div id=\"btn-volver\"><a href=\"http:\/\/www.ecuavit.com\/web\/wp-content\/uploads\/2016\/10\/capeco_vidrio-1080x600.jpg\"><img loading=\"lazy\" decoding=\"async\" class=\"alignnone wp-image-179 \" src=\"http:\/\/www.ecuavit.com\/web\/wp-content\/uploads\/2016\/10\/capeco_vidrio-1080x600-1024x569.jpg\" alt=\"capeco_vidrio-1080x600\" width=\"425\" height=\"236\" srcset=\"https:\/\/www.ecuavit.com\/web\/wp-content\/uploads\/2016\/10\/capeco_vidrio-1080x600-1024x569.jpg 1024w, https:\/\/www.ecuavit.com\/web\/wp-content\/uploads\/2016\/10\/capeco_vidrio-1080x600-300x167.jpg 300w, https:\/\/www.ecuavit.com\/web\/wp-content\/uploads\/2016\/10\/capeco_vidrio-1080x600-768x427.jpg 768w, https:\/\/www.ecuavit.com\/web\/wp-content\/uploads\/2016\/10\/capeco_vidrio-1080x600.jpg 1080w\" sizes=\"auto, (max-width: 425px) 100vw, 425px\" \/><img loading=\"lazy\" decoding=\"async\" class=\"alignnone wp-image-387\" src=\"http:\/\/www.ecuavit.com\/web\/wp-content\/uploads\/2016\/10\/Polyvinyl-Butyral-PVB-Resins-Market.jpg\" alt=\"Polyvinyl-Butyral-PVB-Resins-Market\" width=\"429\" height=\"259\" srcset=\"https:\/\/www.ecuavit.com\/web\/wp-content\/uploads\/2016\/10\/Polyvinyl-Butyral-PVB-Resins-Market.jpg 700w, https:\/\/www.ecuavit.com\/web\/wp-content\/uploads\/2016\/10\/Polyvinyl-Butyral-PVB-Resins-Market-300x181.jpg 300w\" sizes=\"auto, (max-width: 429px) 100vw, 429px\" \/> <\/a><\/div>\n<h2><strong>Vidrio Laminado de Seguridad Arquitect\u00f3nico<\/strong><\/h2>\n<\/div>\n<\/div>\n<div id=\"txt1\">\n<p><span style=\"color: #ffaa00;\">Tipo de vidrio:<\/span> Vidrio Laminado con PVB<br \/>\n<span style=\"color: #ffaa00;\">Composici\u00f3n:<\/span> Acristalamiento integrados por dos o varias hojas de vidrios ensambladas con la ayuda de una o varias pel\u00edculas de polivinil butiral (PVB)<br \/>\n<span style=\"color: #ffaa00;\">Forma:<\/span> Plano y Curvo<br \/>\n<span style=\"color: #ffaa00;\">Color de Cristal:<\/span> Claro, Verde, Bronce, Gris, Negro, Translucido, entre otros.<br \/>\n<span style=\"color: #ffaa00;\">Vidrio Espesor:<\/span> 4mm,\u00a06mm, 8mm, 10mm, 12mm y 16mm<br \/>\n<span style=\"color: #ffaa00;\">Medida:<\/span> 2600mm x 3660mm<br \/>\n<span style=\"color: #ffaa00;\">PVB Color:<\/span> Industrias Ecuavit ofrece una amplia gama de colores.<br \/>\n<span style=\"color: #ffaa00;\">Ventajas:<\/span> Logra altos niveles de seguridad y versatilidad ya que puede ser usado en proyectos de todo tipo y tama\u00f1o; y que por su composici\u00f3n tipo \u201cs\u00e1ndwich\u201d tiene la capacidad de filtrar energ\u00eda solar y resistir en m\u00e1s del 90% la penetraci\u00f3n de rayos ultra violeta.<\/p>\n<p>Por su estructura se constituye en una excelente barrera contra el ruido, permitiendo elevar los niveles de aislamiento ac\u00fastico y por ende reducir de manera efectiva el ruido exterior.<br \/>\nFiltra hasta el 99% de los rayos UV<br \/>\nSu instalaci\u00f3n es simple<br \/>\nPuede ser cortado a la medida<br \/>\nEn caso de rotura los pedazos quedan adheridos a la l\u00e1mina<br \/>\nMantiene su color<\/p>\n<p><span style=\"color: #ffaa00;\">Aplicaciones:<\/span> Se recomienda su aplicaci\u00f3n en: Fachadas, Cubiertas, Pasamanos\u00a0Domos, Tragaluces, Ventanas, Mamparas, Divisi\u00f3n de ambientes, Puertas, Pisos\u00a0Gradas y toda aquella \u00e1rea en donde se requiera un margen amplio de seguridad.<\/p>\n<\/div>\n","protected":false},"excerpt":{"rendered":"<p>Vidrio Arquitect\u00f3nico Vidrio Laminado de Seguridad Arquitect\u00f3nico Tipo de vidrio: Vidrio Laminado con PVB Composici\u00f3n: Acristalamiento integrados por dos o varias hojas de vidrios ensambladas con la ayuda de una o varias pel\u00edculas de polivinil butiral (PVB) Forma: Plano y Curvo Color de Cristal: Claro, Verde, Bronce, Gris, Negro, Translucido, entre otros. Vidrio Espesor: 4mm,\u00a06mm, [&hellip;]<\/p>\n","protected":false},"author":1,"featured_media":0,"parent":0,"menu_order":0,"comment_status":"closed","ping_status":"closed","template":"","meta":{"two_page_speed":[],"_joinchat":[],"footnotes":""},"class_list":["post-471","page","type-page","status-publish","hentry"],"_links":{"self":[{"href":"https:\/\/www.ecuavit.com\/web\/wp-json\/wp\/v2\/pages\/471","targetHints":{"allow":["GET"]}}],"collection":[{"href":"https:\/\/www.ecuavit.com\/web\/wp-json\/wp\/v2\/pages"}],"about":[{"href":"https:\/\/www.ecuavit.com\/web\/wp-json\/wp\/v2\/types\/page"}],"author":[{"embeddable":true,"href":"https:\/\/www.ecuavit.com\/web\/wp-json\/wp\/v2\/users\/1"}],"replies":[{"embeddable":true,"href":"https:\/\/www.ecuavit.com\/web\/wp-json\/wp\/v2\/comments?post=471"}],"version-history":[{"count":2,"href":"https:\/\/www.ecuavit.com\/web\/wp-json\/wp\/v2\/pages\/471\/revisions"}],"predecessor-version":[{"id":474,"href":"https:\/\/www.ecuavit.com\/web\/wp-json\/wp\/v2\/pages\/471\/revisions\/474"}],"wp:attachment":[{"href":"https:\/\/www.ecuavit.com\/web\/wp-json\/wp\/v2\/media?parent=471"}],"curies":[{"name":"wp","href":"https:\/\/api.w.org\/{rel}","templated":true}]}}