{"id":421,"date":"2017-07-27T22:19:17","date_gmt":"2017-07-27T22:19:17","guid":{"rendered":"http:\/\/www.ecuavit.com\/web\/?page_id=421"},"modified":"2017-07-31T23:28:34","modified_gmt":"2017-07-31T23:28:34","slug":"vidrio-low-e","status":"publish","type":"page","link":"https:\/\/www.ecuavit.com\/web\/vidrio-low-e\/","title":{"rendered":"Low-E"},"content":{"rendered":"<h1><strong>Vidrio Low-E<\/strong><\/h1>\n<h2><strong>Vidrio de baja Emisividad<\/strong><\/h2>\n<p><strong>\u00a0<a href=\"http:\/\/www.ecuavit.com\/web\/wp-content\/uploads\/2016\/10\/text1.jpg\"><img loading=\"lazy\" decoding=\"async\" class=\"alignnone size-full wp-image-385\" src=\"http:\/\/www.ecuavit.com\/web\/wp-content\/uploads\/2016\/10\/text1.jpg\" sizes=\"auto, (max-width: 800px) 100vw, 800px\" srcset=\"http:\/\/www.ecuavit.com\/web\/wp-content\/uploads\/2016\/10\/text1.jpg 800w, http:\/\/www.ecuavit.com\/web\/wp-content\/uploads\/2016\/10\/text1-300x225.jpg 300w, http:\/\/www.ecuavit.com\/web\/wp-content\/uploads\/2016\/10\/text1-768x576.jpg 768w\" alt=\"text1\" width=\"800\" height=\"600\" \/><\/a> <a href=\"http:\/\/www.ecuavit.com\/web\/wp-content\/uploads\/2016\/10\/text2.jpg\"><img loading=\"lazy\" decoding=\"async\" class=\"alignnone size-full wp-image-386\" src=\"http:\/\/www.ecuavit.com\/web\/wp-content\/uploads\/2016\/10\/text2.jpg\" sizes=\"auto, (max-width: 800px) 100vw, 800px\" srcset=\"http:\/\/www.ecuavit.com\/web\/wp-content\/uploads\/2016\/10\/text2.jpg 800w, http:\/\/www.ecuavit.com\/web\/wp-content\/uploads\/2016\/10\/text2-300x225.jpg 300w, http:\/\/www.ecuavit.com\/web\/wp-content\/uploads\/2016\/10\/text2-768x576.jpg 768w\" alt=\"text2\" width=\"800\" height=\"600\" \/><\/a><\/strong><\/p>\n<p><span style=\"color: #ffaa00;\">Tipo de vidrio:<\/span> Vidrio de control solar, vidrio de ahorro de energ\u00eda.<br \/>\n<span style=\"color: #ffaa00;\">Forma:<\/span> Plano y Curvo<br \/>\n<span style=\"color: #ffaa00;\">Vidrio Espesor:<\/span> 4mm,\u00a06mm, 8mm, 10mm, 12mm y 16mm<br \/>\n<span style=\"color: #ffaa00;\">Medida:<\/span> 2600mm x 3660mm<\/p>\n<p>Industrias Ecuavit ofrece vidrio Low-E que permite aislar de manera ideal recintos que tengan una mayor ganancia de calor. De esta forma contribuye a una baja en costos de mantenci\u00f3n y energ\u00eda en el hogar.<\/p>\n<p><span style=\"color: #ffaa00;\">Caracter\u00edsticas:<\/span> Los vidrios de control solar modulan la energ\u00eda solar que penetra el interior de un edificio. La utilizaci\u00f3n de los vidrios de control solar permite un ahorro en el consumo de energ\u00eda de las instalaciones de climatizaci\u00f3n y aumenta el confort interior. Gracias a mejor control de la temperatura y la luminosidad.<\/p>\n<p><span style=\"color: #ffaa00;\">Ventajas:<\/span><br \/>\n<span style=\"color: #ffaa00;\">Comodidad visual:<\/span> alta transmisi\u00f3n luminosa, baja reflexi\u00f3n y aspecto neutro.<br \/>\nAyuda al medio ambiente<br \/>\nMejora la eficiencia energ\u00e9tica de tu casa<br \/>\n<span style=\"color: #ffaa00;\">Aplicaciones:<\/span> El vidrio de Low-E puede utilizarse para lograr el efecto de frio en verano y c\u00e1lido en invierno. Se recomienda su aplicaci\u00f3n en ventanear\u00eda y fachadas<\/p>\n","protected":false},"excerpt":{"rendered":"<p>Vidrio Low-E Vidrio de baja Emisividad \u00a0 Tipo de vidrio: Vidrio de control solar, vidrio de ahorro de energ\u00eda. Forma: Plano y Curvo Vidrio Espesor: 4mm,\u00a06mm, 8mm, 10mm, 12mm y 16mm Medida: 2600mm x 3660mm Industrias Ecuavit ofrece vidrio Low-E que permite aislar de manera ideal recintos que tengan una mayor ganancia de calor. De [&hellip;]<\/p>\n","protected":false},"author":1,"featured_media":0,"parent":0,"menu_order":0,"comment_status":"closed","ping_status":"closed","template":"","meta":{"two_page_speed":[],"_joinchat":[],"footnotes":""},"class_list":["post-421","page","type-page","status-publish","hentry"],"_links":{"self":[{"href":"https:\/\/www.ecuavit.com\/web\/wp-json\/wp\/v2\/pages\/421","targetHints":{"allow":["GET"]}}],"collection":[{"href":"https:\/\/www.ecuavit.com\/web\/wp-json\/wp\/v2\/pages"}],"about":[{"href":"https:\/\/www.ecuavit.com\/web\/wp-json\/wp\/v2\/types\/page"}],"author":[{"embeddable":true,"href":"https:\/\/www.ecuavit.com\/web\/wp-json\/wp\/v2\/users\/1"}],"replies":[{"embeddable":true,"href":"https:\/\/www.ecuavit.com\/web\/wp-json\/wp\/v2\/comments?post=421"}],"version-history":[{"count":5,"href":"https:\/\/www.ecuavit.com\/web\/wp-json\/wp\/v2\/pages\/421\/revisions"}],"predecessor-version":[{"id":466,"href":"https:\/\/www.ecuavit.com\/web\/wp-json\/wp\/v2\/pages\/421\/revisions\/466"}],"wp:attachment":[{"href":"https:\/\/www.ecuavit.com\/web\/wp-json\/wp\/v2\/media?parent=421"}],"curies":[{"name":"wp","href":"https:\/\/api.w.org\/{rel}","templated":true}]}}